 of 2*c**2 + 2*c - 171. Calculate j(7).
30
Let j(u) = -12 + 4*u - u**2 + 16*u + 6*u + 3*u**2 - 19*u. Determine j(-5).
3
Let z(l) = l**3 + 5*l**2 + 6*l. Suppose 5*f - 2 - 3 = 5*t, 4*t = -3*f + 10. Suppose f*a + 2*d - 2 = 0, 0*a - d - 29 = -5*a. Suppose 2 - 22 = a*i. Give z(i).
-8
Let q = 48 + -4. Let w = q + -39. Let a(b) = -2*b**2 + 8*b - 7. Give a(w).
-17
Let m(u) be the second derivative of 0 - 1/10*u**5 + 1/6*u**3 + 2*u - 1/12*u**4 - 1/2*u**2. Let t(d) = -d**2 - 19*d + 64. Let h be t(-22). Determine m(h).
9
Let b(a) = -4*a**3 - a**2 + 2. Let w(n) = -13*n**3 - 2*n**2 + 6. Let g(j) = 7*b(j) - 2*w(j). Calculate g(-2).
6
Let r(n) = -11*n - 7. Let f(u) = 13*u + 7. Let h(i) = -6*f(i) - 7*r(i). Determine h(0).
7
Let b = -22 - -16. Let l(u) = 11*u. Let y(o) = -4*o. Let c(m) = b*l(m) - 17*y(m). What is c(5)?
10
Suppose 0 = -2*d - 8 - 2, 4*u + 3*d - 5 = 0. Let q(c) = -c + 7*c + 2 - u + 4. Suppose 2*t - 4*y + 22 = -0*t, 4*y = 20. Determine q(t).
-5
Let k(q) = -q**2 + 3*q + 1. Let i be (-135)/54*(-16)/10. Let w be 18/(-15)*(-4 - i/(-6)). Calculate k(w).
-3
Let r(h) be the third derivative of 0 + 15*h**2 + 7/6*h**3 + 1/24*h**4 + 0*h. What is r(-6)?
1
Let n(f) = -f - 16. Suppose -5*l = 480 - 435. Calculate n(l).
-7
Let n(v) = 13*v + 6. Let r(u) = 2 - u - 5 + 0 - 6*u. Let t(k) = -4*k - 3. Let f be t(2). Let d(x) = f*r(x) - 6*n(x). Determine d(0).
-3
Let v(x) = -x**3 + x**2 + 2. Suppose 0*o = 15*o - 180. Let j = o + -12. Determine v(j).
2
Suppose -3*o + 2*a - 28 = -0*a, -4*a + 38 = -3*o. Let h(i) = -i**3 - 5*i**2 + 6*i - 6. Determine h(o).
-6
Let c = -116 + 72. Let h = c - -37. Let k(j) = j**2 + 7*j - 4. Determine k(h).
-4
Let t(s) = -3*s + 2. Let o(u) = 8*u + 5. Let f be o(-1). Let k be (-62)/6 + 2/6. Let c be ((-6)/4)/f*k. What is t(c)?
17
Let h(q) = -9*q**3 + 5*q**3 + 0 - 21*q**2 - 21*q**2 - 1 + 43*q**2. What is h(2)?
-29
Let f(n) be the third derivative of n**7/2520 + 7*n**6/720 + 7*n**5/120 + 3*n**4/8 + 15*n**2. Let q(d) be the second derivative of f(d). Determine q(-5).
-3
Let h(k) = -k**3 + 5*k**2 + 8*k - 6. Suppose 12 = 5*s + 2. Suppose 2 = 2*j + s*u, -2*u - 23 = -2*j - 1. What is h(j)?
6
Suppose -3*l - 5*k = 3, 0 = 4*l - 2*k + 25 + 5. Let b be -2 + 2*15/6. Let g(f) = 5 + 0*f - b*f + 5*f - f. Give g(l).
-1
Let v(z) = 28*z + 2. Let d(f) = -14*f - 1. Let k(t) = 5*d(t) + 2*v(t). Suppose -b - 13 = 3*a + 3*b, 0 = -a + 5*b + 21. Determine k(a).
-15
Let p(x) = -10*x**3. Let j be ((-10)/6)/(30/(-36)). Suppose 0 = -2*l - j*l + 20. Let g be 2*(20/(-8))/l. Calculate p(g).
10
Let w(r) = -2*r**2 + 9*r + 5. Suppose -5*j = -0*j + 5*a, j + 5*a = -20. What is w(j)?
0
Let d(i) = 1. Let w(z) = 11*z - 33. Suppose 54 = -2*f + 4*t, -6*f + 11*f + 2*t + 171 = 0. Let n(o) = f*d(o) - w(o). Give n(-1).
11
Let n(m) be the first derivative of -5*m**2 + 10*m - 48. Calculate n(5).
-40
Let i(r) = -r + 1. Let g(v) = -8*v + 7. Let b(s) = -g(s) + 5*i(s). Calculate b(3).
7
Let o(w) = -3*w**3 + 4*w**2 + w - 6. Let k(x) = 7*x**3 - 8*x**2 - 4*x + 13. Let a(i) = 4*k(i) + 9*o(i). What is a(-5)?
8
Suppose 5*x = 86 - 31. Let k(m) = 9*m**3 - 25*m**2 + 25*m + 19. Let w(t) = -5*t**3 + 13*t**2 - 13*t - 10. Let u(o) = x*w(o) + 6*k(o). Give u(-8).
12
Let j(o) = 24*o**3 + 2*o**2 - 3*o + 1. Suppose p - 4*h + 2 = -p, -2 = -2*h. Let x be j(p). Let b(y) = 13 + 9 - x - 2*y. What is b(2)?
-6
Let x(n) = 7 + 12 - 25*n**3 - 7 + 6*n**2 + 5*n + 24*n**3 + 2. Give x(7).
0
Let c(j) = j**3 - j**2 - 2*j + 1. Let g be ((-44)/121)/((-6)/33). Give c(g).
1
Let n be 7/2*1356/791. Let i(q) be the third derivative of -1/120*q**6 - q**3 + 1/24*q**4 + 3*q**2 + 0 + 0*q + 1/10*q**5. What is i(n)?
0
Let q = -240 - -240. Let d(h) be the third derivative of 2/3*h**3 + q*h + 1/12*h**4 + 0 + 3*h**2. Calculate d(-4).
-4
Let x(a) be the first derivative of a**5/20 - 3*a**4/4 - a**3/6 - a**2/2 - 26*a + 5. Let k(s) be the first derivative of x(s). Calculate k(9).
-10
Let n = -4 - -5. Let x(p) be the second derivative of 10*p + 0 + 1/6*p**3 - 1/6*p**4 + 0*p**2 - 1/5*p**5. What is x(n)?
-5
Let f be (-192)/(-14) - 2/(-7). Let x be (-24)/10 - f/(-35). Let b(h) = -2*h**2 - h + 2. Let u be b(x). Let r(v) = v**2 + 4*v - 2. Give r(u).
-2
Let v(t) = -5*t + 0*t - 114 + 114. Let j(p) = -p. Let a(s) = 17*s - 1. Let o(i) = a(i) + 6*j(i). Let m(d) = 6*o(d) + 13*v(d). Determine m(3).
-3
Let t(a) = -a**2 + 81. Let f be t(-9). Let h(w) be the third derivative of f + 0*w - 4/3*w**3 + 1/60*w**5 - 8*w**2 + 1/4*w**4. What is h(-6)?
-8
Let l = 514 + -248. Let x(k) = -l*k + 130*k + 131*k. Determine x(1).
-5
Let g = 16 + -13. Let k(d) = d + d - d + g - 4. What is k(-3)?
-4
Let s(b) be the third derivative of -b**6/60 + 3*b**5/10 - b**4/24 - b**3 - 3*b**2 + 11*b. What is s(9)?
-15
Let b(z) = z**2 - 7*z + 12. Let c(x) = -3*x**2 + 15*x - 25. Let d(k) = -4*k - 19. Let i be d(-6). Let a(m) = i*b(m) + 2*c(m). Determine a(-7).
-4
Let c(u) = -u**3 + 7*u**2 - 6*u + 11. Let r be c(6). Let b(p) = 3*p - 9*p**2 + 19*p**2 - r*p**2 - 2. Let g be 1*(0 - 1) - -3. What is b(g)?
0
Suppose -z = -z + 3*z. Let d be z/(-3) - (-5 + -4 + 3). Let b(p) = -p**3 + 6*p**2 + 5. Determine b(d).
5
Let p = -379 + 4549/12. Let f(s) be the third derivative of 0 + 1/3*s**3 - 5*s**2 + 0*s + 1/30*s**5 - p*s**4. What is f(2)?
6
Let w(q) be the third derivative of q**5/60 + 5*q**4/24 + 7*q**3/6 - 2*q**2. Let g be 8/(24/(-45))*(-1)/(-3). What is w(g)?
7
Let n(x) = x**3 - 6*x**2 + 4*x + 4. Suppose 4*c = -c + 140. Suppose 3*v = 7*v + c. Let l(o) = o**2 + 6*o - 2. Let z be l(v). Give n(z).
-1
Let k(m) = m**2 - 4*m - 5. Let n(p) be the first derivative of p**4/4 + p**3 - 9*p**2/2 - 11*p + 2. Let z be n(-5). Let q be ((-4)/z)/(1/20). Determine k(q).
0
Let i(k) = -k**3 - 7*k**2 + 10*k - 1. Let f(r) = -2*r**2 - 8*r + 146. Let y be f(-11). What is i(y)?
-17
Let o(s) = -s**3 - 17*s**2 + 3*s**2 + 15 - 12*s + 0*s**2 + 0*s**3. Give o(-13).
2
Suppose -6*c - 2*p - 56 = -2*c, 0 = -3*c + p - 52. Let h = c - -16. Let o(b) = h*b + 1 - b + 4. Determine o(6).
-1
Suppose 0 = -4*h - 166 - 54. Let b = h + -23. Let x be (-2)/(-12) - 377/b. Let l(u) = -u**3 + 4*u**2 + 5*u + 1. Calculate l(x).
1
Let n(t) = 4*t - 10. Let h = 363 - 359. What is n(h)?
6
Let i(v) = -4*v**3 - 4*v**2 - 8*v - 1. Let j(y) be the first derivative of -7*y**4/4 - 3*y**3 - 8*y**2 - 3*y + 49. Let m(s) = 5*i(s) - 3*j(s). Determine m(-6).
-8
Let i(z) = -3*z - 8. Let g = 21 + -15. Let k be 600/36*(-6)/(-4). Suppose -11 = g*v + k. Calculate i(v).
10
Let x(m) = -m**2 - 9*m - 13. Suppose 32 = -v - 10. Let d be 2/(-3) - (-350)/v. Give x(d).
-13
Let s(b) = -b**2 + 10*b + 1. Suppose -245*u + 7 = -244*u. Give s(u).
22
Let y(z) = -2*z - 8. Let g be (25/10)/((-2)/(-4)). Suppose -33 = -3*c - g*s, 3*c + 5*s - 39 = -c. Suppose -2*l = -l + c. What is y(l)?
4
Let u = -30 + 43. Suppose 0 = 5*f - 2*v - 3*v + 5, -5*f - v = -u. Suppose -2*p + 8 = f. Let g(j) = -j. Determine g(p).
-3
Let s = 88 + -93. Let u(a) = 0 + a**3 - 2*a**3 - 4*a - 6 + 2*a**2. Let p(o) = 4*o**3 - 5*o**2 + 11*o + 18. Let r(t) = 2*p(t) + 7*u(t). Give r(s).
-1
Let l(h) = -h**3 + 3*h**2 + 2*h - 2. Suppose 23 - 21 = b. What is l(b)?
6
Let j = -9 + 31. Suppose 40 = -17*y + j*y. Let v(q) = -y*q - 6*q + 13*q - 7. Calculate v(-6).
-1
Let o(z) = 4 - 20 + 5. Let p(q) = q - 10. Let w(y) = -3*o(y) + 4*p(y). Calculate w(5).
13
Let m(f) = -24*f + 9. Let y(d) = 2*d + 199 - 195 - 13*d. Let a(p) = -6*m(p) + 13*y(p). Calculate a(2).
0
Let a be (-76)/(-171) + 59/9. Let k(r) = -3*r + 28. Determine k(a).
7
Suppose 3*q = -2*q - 5. Let m(a) be the first derivative of a**4/2 + 2*a**3/3 - a - 450. Calculate m(q).
-1
Suppose g + 2 = -3*a, 2 = -2*a + g + 4. Let y(o) = -5*o**2 - 6*o + 10. Let l(r) = r**2 + r - 2. Let k(z) = 11*l(z) + 2*y(z). Calculate k(a).
-2
Let m(g) = g**3 + 3*g**2. Let i(q) = -6*q - 40. Let s(y) = 6*y + 41. Let b(d) = 3*i(d) + 2*s(d). Let c be b(-6). Determine m(c).
4
Let f be 6/(87/(-116)*(-2)/(-2)). Let r(u) = u + 14. Give r(f).
6
Suppose 2*n - 96 = -10*n. Let i(s) = 21*s + n*s**2 - 49*s + 1 + 26*s. What is i(1)?
7
Let n = -2 - 5. Let f(x) = x**2 + 7*x - 26. Let p(o) = o + 13. Let d(t) = -f(t) - 2*p(t). Determine d(n).
14
Let k(q) = -q**3 - 15*q**2 - 2. Let f be k(-15). Let l(v) = -2*v**2 - 6*v + 5. Let m = -11 - -5. Let n(p) = p**2 + p - 1. Let i(c) = m*n(c) - l(c). Give i(f).
-15
Let p(l) = 1 - 2*l -